{"id":9,"date":"2020-08-01T09:39:15","date_gmt":"2020-08-01T07:39:15","guid":{"rendered":"http:\/\/paben.pl\/?page_id=9"},"modified":"2021-09-20T13:42:48","modified_gmt":"2021-09-20T11:42:48","slug":"o-nas","status":"publish","type":"page","link":"http:\/\/paben.pl\/?page_id=9","title":{"rendered":"o nas"},"content":{"rendered":"\n<div class=\"wp-block-columns alignfull\">\n<div class=\"wp-block-column\">\n<p>Za\u0142o\u017cony w 1937 roku w Mediolanie koncern MAPEI to \u015bwiatowy lider w produkcji klej\u00f3w, fug, silikon\u00f3w, hydroizolacji, dodatk\u00f3w do betonu, \u015brodk\u00f3w naprawczych, renowacji obiekt\u00f3w zabytkowych oraz innych wysoce specjalistycznych produkt\u00f3w chemii budowlanej. Oferowane przez MAPEI produkty spe\u0142niaj\u0105 najwy\u017csze wymagania sektora budowlanego.<\/p>\n<\/div>\n\n\n\n<div class=\"wp-block-column\">\n<p>Firma <strong>Paben<\/strong> powsta\u0142a w 1995 roku i uczestniczy\u0142a we wprowadzaniu produkt\u00f3w MAPEI na polski rynek. Dzi\u015b Firma <strong>Paben<\/strong> jest autoryzowanym dystrybutorem firmy Mapei na terenie wojew\u00f3dztwa \u0142\u00f3dzkiego, kujawsko-pomorskiego, zachodniej cz\u0119\u015bci woj. mazowieckiego i wschodniej cz\u0119\u015bci woj. wielkopolskiego. <\/p>\n\n\n\n<p>Centralne magazyny <strong>Paben <\/strong>znajduj\u0105 si\u0119 w \u0141odzi i w Bydgoszczy sk\u0105d towar dostarczany jest bezpo\u015brednio do klienta. Firma <strong>Paben <\/strong>obs\u0142uguje r\u00f3wnie\u017c wszelkiego rodzaju inwestycje.<\/p>\n<\/div>\n<\/div>\n\n\n\n<hr>\n\n\n\n<p class=\"has-text-align-center has-normal-font-size\"><strong>Grupa Mapei to obecnie:<\/strong><\/p>\n\n\n\n<ul><li>90 oddzia\u0142\u00f3w w 57 krajach,<\/li><li>83 zak\u0142ady produkcyjne,<\/li><li>31 laboratori\u00f3w badawczych (5% obrot\u00f3w Mapei przeznacza na prace badawczo-rozwojowe).<\/li><\/ul>\n\n\n\n<p><\/p>\n\n\n\n<p><\/p>\n","protected":false},"excerpt":{"rendered":"<p>Za\u0142o\u017cony w 1937 roku w Mediolanie koncern MAPEI to \u015bwiatowy lider w produkcji klej\u00f3w, fug, silikon\u00f3w, hydroizolacji, dodatk\u00f3w do betonu,&nbsp;[&hellip;]<\/p>\n","protected":false},"author":1,"featured_media":0,"parent":0,"menu_order":0,"comment_status":"closed","ping_status":"closed","template":"","meta":[],"_links":{"self":[{"href":"http:\/\/paben.pl\/index.php?rest_route=\/wp\/v2\/pages\/9"}],"collection":[{"href":"http:\/\/paben.pl\/index.php?rest_route=\/wp\/v2\/pages"}],"about":[{"href":"http:\/\/paben.pl\/index.php?rest_route=\/wp\/v2\/types\/page"}],"author":[{"embeddable":true,"href":"http:\/\/paben.pl\/index.php?rest_route=\/wp\/v2\/users\/1"}],"replies":[{"embeddable":true,"href":"http:\/\/paben.pl\/index.php?rest_route=%2Fwp%2Fv2%2Fcomments&post=9"}],"version-history":[{"count":8,"href":"http:\/\/paben.pl\/index.php?rest_route=\/wp\/v2\/pages\/9\/revisions"}],"predecessor-version":[{"id":280,"href":"http:\/\/paben.pl\/index.php?rest_route=\/wp\/v2\/pages\/9\/revisions\/280"}],"wp:attachment":[{"href":"http:\/\/paben.pl\/index.php?rest_route=%2Fwp%2Fv2%2Fmedia&parent=9"}],"curies":[{"name":"wp","href":"https:\/\/api.w.org\/{rel}","templated":true}]}}

<div class="wp-block-columns alignfull">
<div class="wp-block-column">
<p>Założony w 1937 roku w Mediolanie koncern MAPEI to światowy lider w produkcji klejów, fug, silikonów, hydroizolacji, dodatków do betonu, środków naprawczych, renowacji obiektów zabytkowych oraz innych wysoce specjalistycznych produktów chemii budowlanej. Oferowane przez MAPEI produkty spełniają najwyższe wymagania sektora budowlanego.</p>
</div>



<div class="wp-block-column">
<p>Firma <strong>Paben</strong> powstała w 1995 roku i uczestniczyła we wprowadzaniu produktów MAPEI na polski rynek. Dziś Firma <strong>Paben</strong> jest autoryzowanym dystrybutorem firmy Mapei na terenie województwa łódzkiego, kujawsko-pomorskiego, zachodniej części woj. mazowieckiego i wschodniej części woj. wielkopolskiego. </p>



<p>Centralne magazyny <strong>Paben </strong>znajdują się w Łodzi i w Bydgoszczy skąd towar dostarczany jest bezpośrednio do klienta. Firma <strong>Paben </strong>obsługuje również wszelkiego rodzaju inwestycje.</p>
</div>
</div>



<hr>



<p class="has-text-align-center has-normal-font-size"><strong>Grupa Mapei to obecnie:</strong></p>



<ul><li>90 oddziałów w 57 krajach,</li><li>83 zakłady produkcyjne,</li><li>31 laboratoriów badawczych (5% obrotów Mapei przeznacza na prace badawczo-rozwojowe).</li></ul>



<p></p>



<p></p>

<p>Założony w 1937 roku w Mediolanie koncern MAPEI to światowy lider w produkcji klejów, fug, silikonów, hydroizolacji, dodatków do betonu,&nbsp;[&hellip;]</p>
